{"id":8706,"date":"2025-06-06T20:08:15","date_gmt":"2025-06-07T01:08:15","guid":{"rendered":"https:\/\/tecnologicosucre.edu.ec\/web\/?page_id=8706"},"modified":"2025-06-13T19:13:11","modified_gmt":"2025-06-14T00:13:11","slug":"fd-centro-infantil-particular","status":"publish","type":"page","link":"https:\/\/tecnologicosucre.edu.ec\/web\/fd-centro-infantil-particular\/","title":{"rendered":"Formaci\u00f3n dual centro infantil particular"},"content":{"rendered":"<div class=\"wpb-content-wrapper\"><p>[vc_row][vc_column][vc_column_text css=\u00bb\u00bb]<\/p>\n<h3 style=\"text-align: center;\"><span style=\"color: #000000;\"><strong>PROCEDIMIENTO DE PR\u00c1CTICAS PREPROFESIONALES<\/strong><\/span><br \/>\n<span style=\"color: #000000;\"><strong>Carrera de Educaci\u00f3n Inicial \u2013 Modalidad DUAL<\/strong><\/span><br \/>\n<span style=\"color: #000000;\"><strong>Centro Infantil Particular<\/strong><\/span><\/h3>\n<p>[\/vc_column_text][vc_empty_space][vc_tta_tabs style=\u00bboutline\u00bb color=\u00bbsky\u00bb active_section=\u00bb1&#8243;][vc_tta_section i_icon_fontawesome=\u00bbfa fa-regular fa-pen-to-square\u00bb add_icon=\u00bbtrue\u00bb title=\u00bbPASO 1&#8243; tab_id=\u00bb1749256239092-a50d79f7-a327&#8243;][vc_empty_space][vc_column_text css=\u00bb\u00bb]<\/p>\n<h4><strong>INICIO DE PR\u00c1CTICAS PREPROFESIONALES<\/strong><\/h4>\n<p>El estudiante deber\u00e1 cumplir los siguientes pasos iniciales bajo la orientaci\u00f3n del docente responsable de pr\u00e1cticas preprofesionales:<\/p>\n<p><strong>1. Selecci\u00f3n del Centro Infantil Receptor<\/strong><br \/>\nEl representante de pr\u00e1cticas de la carrera (modalidad DUAL) gestiona la oferta de plazas. Los estudiantes seleccionan el centro infantil a trav\u00e9s de la plataforma institucional o de forma presencial.[\/vc_column_text][vc_empty_space height=\u00bb10px\u00bb][vc_column_text css=\u00bb\u00bb]<strong>2. Carta de Designaci\u00f3n<\/strong><br \/>\nEl representante de pr\u00e1cticas elabora el documento de asignaci\u00f3n y lo env\u00eda por correo electr\u00f3nico a cada centro infantil receptor.<br \/>\n<strong>\u00a0 \u00a0 <a href=\"https:\/\/tecnologicosucre.edu.ec\/web\/wp-content\/uploads\/2025\/06\/FORMATO-1_ASIGNACION_ESTUDIANTE_ENTIDAD_FORMADORA_APELLIDO_NOMBRE.docx\" target=\"_blank\" rel=\"noopener\">FORMATO 1_ASIGNACION_ESTUDIANTE_ENTIDAD_FORMADORA_APELLIDO_NOMBRE<\/a><\/strong>[\/vc_column_text][vc_empty_space height=\u00bb10px\u00bb][vc_column_text css=\u00bb\u00bb]<strong>3. Socializaci\u00f3n del Proceso de Pr\u00e1cticas<\/strong><br \/>\nEl representante de pr\u00e1cticas realiza la socializaci\u00f3n del proceso a estudiantes, docentes y entidades formadoras.[\/vc_column_text][vc_empty_space height=\u00bb10px\u00bb][vc_column_text css=\u00bb\u00bb]<strong>4. Plan de Aprendizaje Pr\u00e1ctico y Rotaci\u00f3n (PAPR)<\/strong><br \/>\nEl estudiante debe ejecutar sus actividades de acuerdo con el Plan de Aprendizaje Pr\u00e1ctico y de Rotaci\u00f3n.[\/vc_column_text][vc_empty_space height=\u00bb10px\u00bb][vc_toggle title=\u00bbFICHA 1: PLAN APRENDIZAJE PR\u00c1CTICO ROTACI\u00d3N\u00bb custom_font_container=\u00bbtag:h2|font_size:15|text_align:left|color:%231E73BE\u00bb css=\u00bb\u00bb use_custom_heading=\u00bbtrue\u00bb]<\/p>\n<h5><a href=\"https:\/\/tecnologicosucre.edu.ec\/web\/wp-content\/uploads\/2025\/06\/FICHA-1_PRIMER_PLAN_MARCO_FORMACION__APELLIDO_NOMBRE.docx\" target=\"_blank\" rel=\"noopener\"><strong>Primero<\/strong><\/a><\/h5>\n<h5><a href=\"https:\/\/tecnologicosucre.edu.ec\/web\/wp-content\/uploads\/2025\/06\/FICHA-1_SEGUNDO_PLAN_MARCO_FORMACION_APELLIDO_NOMBRE.docx\" target=\"_blank\" rel=\"noopener\"><strong>Segundo<\/strong><\/a><\/h5>\n<h5><a href=\"https:\/\/tecnologicosucre.edu.ec\/web\/wp-content\/uploads\/2025\/06\/FICHA-1_TERCERO_PLAN_MARCO_FORMACION_APELLIDO_NOMBRE.docx\" target=\"_blank\" rel=\"noopener\"><strong>Tercero<\/strong><\/a><\/h5>\n<h5><a href=\"https:\/\/tecnologicosucre.edu.ec\/web\/wp-content\/uploads\/2025\/06\/FICHA-1_CUARTO_PLAN_MARCO_FORMACION__APELLIDO_NOMBRE.docx\" target=\"_blank\" rel=\"noopener\"><strong>Cuarto<\/strong><\/a><\/h5>\n<p>[\/vc_toggle][vc_empty_space height=\u00bb10px\u00bb][vc_column_text css=\u00bb\u00bb]<strong>5. Ficha de Diagn\u00f3stico Inicial<\/strong><br \/>\nDurante la primera semana de pr\u00e1cticas, el estudiante completa la ficha con sus datos personales, informaci\u00f3n del centro infantil, contacto institucional, evidencia fotogr\u00e1fica y croquis de ubicaci\u00f3n. Debe gestionar las firmas del coordinador\/a de carrera, supervisor acad\u00e9mico y del propio estudiante.<br \/>\n<strong>\u00a0 \u00a0 <a href=\"https:\/\/tecnologicosucre.edu.ec\/web\/wp-content\/uploads\/2025\/06\/FICHA-2_FICHA_DE_DIAGNOSTICO_APELLIDO_NOMBRE.docx\" target=\"_blank\" rel=\"noopener\">FICHA 2 _ FICHA_DE_DIAGNOSTICO_APELLIDO_NOMBRE<\/a><\/strong>[\/vc_column_text][vc_empty_space height=\u00bb10px\u00bb][vc_column_text css=\u00bb\u00bb]<strong>6. C\u00f3digo de Conducta<\/strong><br \/>\nEl responsable de pr\u00e1cticas entrega y socializa el c\u00f3digo de conducta. El estudiante debe obtener las firmas del tutor del centro receptor, de la coordinadora de carrera y su propia firma.<br \/>\n<strong>\u00a0 \u00a0\u00a0 <a href=\"https:\/\/tecnologicosucre.edu.ec\/web\/wp-content\/uploads\/2025\/06\/FICHA-3_CODIGO_CONDUCTA_APELLIDO_NOMBRE.pdf\" target=\"_blank\" rel=\"noopener\">FICHA 3_C\u00d3DIGO_CONDUCTA_APELLIDO_NOMBRE<\/a><\/strong>[\/vc_column_text][vc_empty_space height=\u00bb10px\u00bb][vc_column_text css=\u00bb\u00bb]<strong>7. Convenio de Confidencialidad y Uso de Informaci\u00f3n<\/strong><br \/>\nDurante la primera semana de pr\u00e1cticas, el estudiante completa este documento, lo entrega al tutor acad\u00e9mico, quien lo remite a la coordinaci\u00f3n de carrera para la gesti\u00f3n de la firma del Rector\/a de la IES.<br \/>\n<strong>\u00a0 \u00a0\u00a0 <a href=\"https:\/\/tecnologicosucre.edu.ec\/web\/wp-content\/uploads\/2025\/06\/FICHA-4_CONFI_USO_INFORMACION_APELLIDO_NOMBRE.pdf\" target=\"_blank\" rel=\"noopener\">FICHA 4_CONFI_USO_INFORMACI\u00d3N_APELLIDO_NOMBRE<\/a><\/strong>[\/vc_column_text][vc_empty_space][\/vc_tta_section][vc_tta_section i_icon_fontawesome=\u00bbfa fa-regular fa-pen-to-square\u00bb add_icon=\u00bbtrue\u00bb title=\u00bbPASO 2&#8243; tab_id=\u00bb1745626551211-401fd67b-2b84&#8243;][vc_empty_space][vc_column_text css=\u00bb\u00bb]<\/p>\n<h4><strong>EJECUCI\u00d3N DE LAS PR\u00c1CTICAS PREPROFESIONALES<\/strong><\/h4>\n<p>Durante esta fase, el estudiante participa activamente en las actividades planificadas, aplicando los conocimientos adquiridos en su formaci\u00f3n. Para el registro y seguimiento, debe completar los siguientes documentos:<\/p>\n<p><strong>1. Control de Asistencia Semanal<\/strong><br \/>\nRegistrar semanalmente: datos personales, fecha, hora de ingreso y salida, actividad principal, firma del estudiante y firma con sello del tutor empresarial.<br \/>\n<strong>\u00a0 \u00a0 \u00a0<a href=\"https:\/\/tecnologicosucre.edu.ec\/web\/wp-content\/uploads\/2025\/06\/FICHA-5_CONTROL_ASISTENCIA_APELLIDO_NOMBRE.docx\" target=\"_blank\" rel=\"noopener\">FICHA 5_CONTROL_ASISTENCIA_APELLIDO_NOMBRE<\/a><\/strong>[\/vc_column_text][vc_empty_space height=\u00bb10px\u00bb][vc_column_text css=\u00bb\u00bb]<strong>2. Bit\u00e1cora de Actividades<\/strong><br \/>\nElaborar un reporte detallado de las actividades realizadas seg\u00fan el PAPR. Se deben incluir: fecha, asignatura, \u00e1rea o actividad, descripci\u00f3n, horarios, n\u00famero de horas y las respectivas firmas del tutor empresarial, tutor acad\u00e9mico, tutor general y coordinador\/a de carrera.<br \/>\n<strong>\u00a0 \u00a0 <a href=\"https:\/\/tecnologicosucre.edu.ec\/web\/wp-content\/uploads\/2025\/06\/FICHA-6_BITACORA_REGISTRO_ACTIVIDADES_APELLIDO_NOMBRE.docx\" target=\"_blank\" rel=\"noopener\">FICHA 6_BITACORA_REGISTRO_ACTIVIDADES_APELLIDO_NOMBRE<\/a><\/strong>[\/vc_column_text][vc_empty_space][\/vc_tta_section][vc_tta_section i_icon_fontawesome=\u00bbfa fa-regular fa-pen-to-square\u00bb add_icon=\u00bbtrue\u00bb title=\u00bbPASO 3&#8243; tab_id=\u00bb1749258855647-6b0ae7b0-7310&#8243;][vc_empty_space][vc_column_text css=\u00bb\u00bb]<\/p>\n<h4><strong>FINALIZACI\u00d3N DE LAS PR\u00c1CTICAS PREPROFESIONALES<\/strong><\/h4>\n<p>Al finalizar las pr\u00e1cticas, el estudiante dispone de <strong>tres (3) d\u00edas laborables<\/strong> para entregar al tutor acad\u00e9mico todos los documentos debidamente firmados y sellados. Se debe cumplir con los siguientes requerimientos:<\/p>\n<p><strong>1. Evaluaci\u00f3n General del Desempe\u00f1o<\/strong><br \/>\nEl estudiante completa los datos informativos. El tutor empresarial y el tutor acad\u00e9mico realizan conjuntamente la evaluaci\u00f3n en presencia del estudiante, como parte de la segunda visita del tutor acad\u00e9mico.<br \/>\n<strong>\u00a0 \u00a0 <a href=\"https:\/\/tecnologicosucre.edu.ec\/web\/wp-content\/uploads\/2025\/06\/FICHA-7_EVALAUCION_GENERAL_DESEMPENO_APELLIDO_NOMBRE.docx\" target=\"_blank\" rel=\"noopener\">FICHA 7_EVALUACION_GENERAL_DESEMPE\u00d1O_APELLIDO_NOMBRE<\/a><\/strong>[\/vc_column_text][vc_empty_space height=\u00bb10px\u00bb][vc_column_text css=\u00bb\u00bb]<strong>2. Presentaci\u00f3n del Proyecto Empresarial<\/strong><br \/>\nEl estudiante redacta el proyecto en funci\u00f3n a la asignatura correspondiente en el PAPR. Este debe ser validado por el tutor acad\u00e9mico, el responsable del Plan Marco de Formaci\u00f3n y el tutor espec\u00edfico.<br \/>\n<strong>\u00a0 \u00a0\u00a0 <a href=\"https:\/\/tecnologicosucre.edu.ec\/web\/wp-content\/uploads\/2025\/06\/FICHA-8-PRESENTACION_TEMA_PROYECTO_-EMPRESARIAL_APELLIDO_NOMBRE.docx\" target=\"_blank\" rel=\"noopener\">FICHA 8_PRESENTACI\u00d3N_TEMA_PROYECTO_ EMPRESARIAL_APELLIDO_NOMBRE<\/a><\/strong>[\/vc_column_text][vc_empty_space height=\u00bb10px\u00bb][vc_column_text css=\u00bb\u00bb]<strong>3. Evaluaci\u00f3n del Proyecto Empresarial (Escrito)<\/strong><br \/>\nCompletado por el estudiante y evaluado por el tutor empresarial y el coordinador empresarial. El documento debe incluir las respectivas firmas y sellos.<br \/>\n<strong>\u00a0 \u00a0\u00a0 <a href=\"https:\/\/tecnologicosucre.edu.ec\/web\/wp-content\/uploads\/2025\/06\/FICHA-9_EVALUACION_PROYECTO_EMPRESARIAL_APELLIDO_NOMBRE.docx\" target=\"_blank\" rel=\"noopener\">FICHA 9_EVALUACI\u00d3N_PROYECTO_EMPRESARIAL_APELLIDO_NOMBRE<\/a><\/strong>[\/vc_column_text][vc_empty_space height=\u00bb10px\u00bb][vc_column_text css=\u00bb\u00bb]<strong>4. Evaluaci\u00f3n del Proyecto Empresarial (Exposici\u00f3n Oral)<\/strong><br \/>\nEvaluaci\u00f3n a cargo del tutor acad\u00e9mico, basada en la exposici\u00f3n y el documento escrito del proyecto.<br \/>\n<strong>\u00a0 \u00a0 <a href=\"https:\/\/tecnologicosucre.edu.ec\/web\/wp-content\/uploads\/2025\/06\/FICHA-10_EVALUACION_PROYECTO_EMPRESARIAL_ORAL_APELLIDO_NOMBRE.docx\" target=\"_blank\" rel=\"noopener\">FICHA 10_EVALUACI\u00d3N_PROYECTO_EMPRESARIAL_ORAL_APELLIDO_NOMBRE<\/a><\/strong>[\/vc_column_text][vc_empty_space height=\u00bb10px\u00bb][vc_column_text css=\u00bb\u00bb]<strong>5. Entrega Final del Proyecto Empresarial (Escrito)<\/strong><br \/>\nEl estudiante entrega la versi\u00f3n final del proyecto, desarrollada con el acompa\u00f1amiento del tutor acad\u00e9mico.<br \/>\n<strong>\u00a0 \u00a0\u00a0<a href=\"https:\/\/tecnologicosucre.edu.ec\/web\/wp-content\/uploads\/2025\/06\/FICHA-11_PRESENTACION_PROYECTO_EMPRESARIAL_ESCRITO_APELLIDO_NOMBRE.docx\" target=\"_blank\" rel=\"noopener\">FICHA 11_PRESENTACION_PROYECTO_EMPRESARIAL_ESCRITO_APELLIDO_NOMBRE<\/a><\/strong>[\/vc_column_text][vc_empty_space][\/vc_tta_section][\/vc_tta_tabs][\/vc_column][\/vc_row]<\/p>\n<\/div>","protected":false},"excerpt":{"rendered":"<p>[vc_row][vc_column][vc_column_text css=\u00bb\u00bb] PROCEDIMIENTO DE PR\u00c1CTICAS PREPROFESIONALES Carrera de Educaci\u00f3n Inicial \u2013 Modalidad DUAL Centro Infantil Particular [\/vc_column_text][vc_empty_space][vc_tta_tabs style=\u00bboutline\u00bb color=\u00bbsky\u00bb active_section=\u00bb1&#8243;][vc_tta_section i_icon_fontawesome=\u00bbfa fa-regular fa-pen-to-square\u00bb add_icon=\u00bbtrue\u00bb title=\u00bbPASO 1&#8243; tab_id=\u00bb1749256239092-a50d79f7-a327&#8243;][vc_empty_space][vc_column_text css=\u00bb\u00bb] INICIO DE PR\u00c1CTICAS PREPROFESIONALES El estudiante deber\u00e1 cumplir los siguientes pasos iniciales bajo la orientaci\u00f3n del docente responsable de pr\u00e1cticas preprofesionales: 1. Selecci\u00f3n del Centro Infantil Receptor [&hellip;]<\/p>\n","protected":false},"author":2,"featured_media":0,"parent":0,"menu_order":0,"comment_status":"closed","ping_status":"closed","template":"","meta":{"_monsterinsights_skip_tracking":false,"_monsterinsights_sitenote_active":false,"_monsterinsights_sitenote_note":"","_monsterinsights_sitenote_category":0,"footnotes":""},"class_list":["post-8706","page","type-page","status-publish","hentry"],"_links":{"self":[{"href":"https:\/\/tecnologicosucre.edu.ec\/web\/wp-json\/wp\/v2\/pages\/8706","targetHints":{"allow":["GET"]}}],"collection":[{"href":"https:\/\/tecnologicosucre.edu.ec\/web\/wp-json\/wp\/v2\/pages"}],"about":[{"href":"https:\/\/tecnologicosucre.edu.ec\/web\/wp-json\/wp\/v2\/types\/page"}],"author":[{"embeddable":true,"href":"https:\/\/tecnologicosucre.edu.ec\/web\/wp-json\/wp\/v2\/users\/2"}],"replies":[{"embeddable":true,"href":"https:\/\/tecnologicosucre.edu.ec\/web\/wp-json\/wp\/v2\/comments?post=8706"}],"version-history":[{"count":0,"href":"https:\/\/tecnologicosucre.edu.ec\/web\/wp-json\/wp\/v2\/pages\/8706\/revisions"}],"wp:attachment":[{"href":"https:\/\/tecnologicosucre.edu.ec\/web\/wp-json\/wp\/v2\/media?parent=8706"}],"curies":[{"name":"wp","href":"https:\/\/api.w.org\/{rel}","templated":true}]}}