{"id":8209,"date":"2025-02-09T22:58:54","date_gmt":"2025-02-10T03:58:54","guid":{"rendered":"https:\/\/tecnologicosucre.edu.ec\/web\/?page_id=8209"},"modified":"2025-02-10T13:04:06","modified_gmt":"2025-02-10T18:04:06","slug":"proyectos-2024-1","status":"publish","type":"page","link":"https:\/\/tecnologicosucre.edu.ec\/web\/proyectos-2024-1\/","title":{"rendered":"Proyectos Periodo 2024-I"},"content":{"rendered":"<div class=\"wpb-content-wrapper\"><p>[vc_row][vc_column]                <div class=\"a-post  \" >\n                                                <div class=\"row column-equal-height\">\n                                                                <div class=\"col-md-4 col-sm-6 mg-bottom-50\">\n                                    <div class=\"post-item\">\n                                                                                    <div class=\"post-image\">\n                                                <a href=\"https:\/\/tecnologicosucre.edu.ec\/web\/proyecto2024i-7\/\" rel=\"bookmark\"\n                                                   title=\"Repotenciaci\u00f3n y mantenimiento de c\u00e1maras de videovigilancia y alarmas comunitarias  Parroquia Tambillo\"><img decoding=\"async\" src=\"https:\/\/tecnologicosucre.edu.ec\/web\/wp-content\/uploads\/2025\/02\/isu_vin-1.png\" alt=\"Repotenciaci\u00f3n y mantenimiento de c\u00e1maras de videovigilancia y alarmas comunitarias  Parroquia Tambillo\" title=\"Repotenciaci\u00f3n y mantenimiento de c\u00e1maras de videovigilancia y alarmas comunitarias  Parroquia Tambillo\">\n                                                <\/a>\n                                                <div>\n                                                    <p class=\"p-bg\"><i class=\"fa fa-file-text-o\"><\/i><\/p>                                                    <span class=\"s-bg\">15 de febrero de 2024<\/span>\n                                                <\/div>\n                                            <\/div>\n                                                                                <div class=\"post-content\">\n                                            <h3><a class=\"heading-color\" href=\"https:\/\/tecnologicosucre.edu.ec\/web\/proyecto2024i-7\/\"\n                                                   rel=\"bookmark\"\n                                                   title=\"Repotenciaci\u00f3n y mantenimiento de c\u00e1maras de videovigilancia y alarmas comunitarias  Parroquia Tambillo\">Repotenciaci\u00f3n y mantenimiento de c\u00e1maras de videovigilancia y alarmas comunitarias  Parroquia Tambillo<\/a><\/h3>\n                                                                                        <p>[vc_row][vc_column][vc_column_text css=\u00bb\u00bb][\/vc_column_text][\/vc_column][\/vc_row]<\/p>\n                                            <div class=\"post-entry-meta\">\n                                                <span class=\"event-author\">Edit\u00f6r<\/span>\n                                                <span class=\"event-comment\">0<\/span>\n\t                                            <span class=\"event-view\">3872<\/span>\n                                            <\/div>\n                                        <\/div>\n                                    <\/div>\n                                <\/div>\n                                                                <div class=\"col-md-4 col-sm-6 mg-bottom-50\">\n                                    <div class=\"post-item\">\n                                                                                    <div class=\"post-image\">\n                                                <a href=\"https:\/\/tecnologicosucre.edu.ec\/web\/proyecto2024i-6\/\" rel=\"bookmark\"\n                                                   title=\"Proyecto de restauraci\u00f3n y mantenimiento FUNDACION CAMBUGAN\"><img decoding=\"async\" src=\"https:\/\/tecnologicosucre.edu.ec\/web\/wp-content\/uploads\/2025\/02\/isu_vin-1.png\" alt=\"Proyecto de restauraci\u00f3n y mantenimiento FUNDACION CAMBUGAN\" title=\"Proyecto de restauraci\u00f3n y mantenimiento FUNDACION CAMBUGAN\">\n                                                <\/a>\n                                                <div>\n                                                    <p class=\"p-bg\"><i class=\"fa fa-file-text-o\"><\/i><\/p>                                                    <span class=\"s-bg\">14 de febrero de 2024<\/span>\n                                                <\/div>\n                                            <\/div>\n                                                                                <div class=\"post-content\">\n                                            <h3><a class=\"heading-color\" href=\"https:\/\/tecnologicosucre.edu.ec\/web\/proyecto2024i-6\/\"\n                                                   rel=\"bookmark\"\n                                                   title=\"Proyecto de restauraci\u00f3n y mantenimiento FUNDACION CAMBUGAN\">Proyecto de restauraci\u00f3n y mantenimiento FUNDACION CAMBUGAN<\/a><\/h3>\n                                                                                        <p>[vc_row][vc_column][vc_column_text css=\u00bb\u00bb][\/vc_column_text][\/vc_column][\/vc_row]<\/p>\n                                            <div class=\"post-entry-meta\">\n                                                <span class=\"event-author\">Edit\u00f6r<\/span>\n                                                <span class=\"event-comment\">0<\/span>\n\t                                            <span class=\"event-view\">2727<\/span>\n                                            <\/div>\n                                        <\/div>\n                                    <\/div>\n                                <\/div>\n                                                                <div class=\"col-md-4 col-sm-6 mg-bottom-50\">\n                                    <div class=\"post-item\">\n                                                                                    <div class=\"post-image\">\n                                                <a href=\"https:\/\/tecnologicosucre.edu.ec\/web\/proyecto2024i-5\/\" rel=\"bookmark\"\n                                                   title=\"Fortalecimiento de la producci\u00f3n de quesos y yogurt, en el barrio \u201c EL MURCO\u201d parroquia Tambillo\"><img decoding=\"async\" src=\"https:\/\/tecnologicosucre.edu.ec\/web\/wp-content\/uploads\/2025\/02\/isu_vin-1.png\" alt=\"Fortalecimiento de la producci\u00f3n de quesos y yogurt, en el barrio \u201c EL MURCO\u201d parroquia Tambillo\" title=\"Fortalecimiento de la producci\u00f3n de quesos y yogurt, en el barrio \u201c EL MURCO\u201d parroquia Tambillo\">\n                                                <\/a>\n                                                <div>\n                                                    <p class=\"p-bg\"><i class=\"fa fa-file-text-o\"><\/i><\/p>                                                    <span class=\"s-bg\">13 de febrero de 2024<\/span>\n                                                <\/div>\n                                            <\/div>\n                                                                                <div class=\"post-content\">\n                                            <h3><a class=\"heading-color\" href=\"https:\/\/tecnologicosucre.edu.ec\/web\/proyecto2024i-5\/\"\n                                                   rel=\"bookmark\"\n                                                   title=\"Fortalecimiento de la producci\u00f3n de quesos y yogurt, en el barrio \u201c EL MURCO\u201d parroquia Tambillo\">Fortalecimiento de la producci\u00f3n de quesos y yogurt, en el barrio \u201c EL MURCO\u201d parroquia Tambillo<\/a><\/h3>\n                                                                                        <p>[vc_row][vc_column][vc_column_text css=\u00bb\u00bb][\/vc_column_text][\/vc_column][\/vc_row]<\/p>\n                                            <div class=\"post-entry-meta\">\n                                                <span class=\"event-author\">Edit\u00f6r<\/span>\n                                                <span class=\"event-comment\">0<\/span>\n\t                                            <span class=\"event-view\">2091<\/span>\n                                            <\/div>\n                                        <\/div>\n                                    <\/div>\n                                <\/div>\n                                                                <div class=\"col-md-4 col-sm-6 mg-bottom-50\">\n                                    <div class=\"post-item\">\n                                                                                    <div class=\"post-image\">\n                                                <a href=\"https:\/\/tecnologicosucre.edu.ec\/web\/proyecto2024i-3\/\" rel=\"bookmark\"\n                                                   title=\"Capacitaci\u00f3n en la elaboraci\u00f3n de productos alimenticios Parroquia Tambillo\"><img decoding=\"async\" src=\"https:\/\/tecnologicosucre.edu.ec\/web\/wp-content\/uploads\/2025\/02\/isu_vin-1.png\" alt=\"Capacitaci\u00f3n en la elaboraci\u00f3n de productos alimenticios Parroquia Tambillo\" title=\"Capacitaci\u00f3n en la elaboraci\u00f3n de productos alimenticios Parroquia Tambillo\">\n                                                <\/a>\n                                                <div>\n                                                    <p class=\"p-bg\"><i class=\"fa fa-file-text-o\"><\/i><\/p>                                                    <span class=\"s-bg\">11 de febrero de 2024<\/span>\n                                                <\/div>\n                                            <\/div>\n                                                                                <div class=\"post-content\">\n                                            <h3><a class=\"heading-color\" href=\"https:\/\/tecnologicosucre.edu.ec\/web\/proyecto2024i-3\/\"\n                                                   rel=\"bookmark\"\n                                                   title=\"Capacitaci\u00f3n en la elaboraci\u00f3n de productos alimenticios Parroquia Tambillo\">Capacitaci\u00f3n en la elaboraci\u00f3n de productos alimenticios Parroquia Tambillo<\/a><\/h3>\n                                                                                        <p>[vc_row][vc_column][vc_column_text css=\u00bb\u00bb][\/vc_column_text][\/vc_column][\/vc_row]<\/p>\n                                            <div class=\"post-entry-meta\">\n                                                <span class=\"event-author\">Edit\u00f6r<\/span>\n                                                <span class=\"event-comment\">0<\/span>\n\t                                            <span class=\"event-view\">1406<\/span>\n                                            <\/div>\n                                        <\/div>\n                                    <\/div>\n                                <\/div>\n                                                                <div class=\"col-md-4 col-sm-6 mg-bottom-50\">\n                                    <div class=\"post-item\">\n                                                                                    <div class=\"post-image\">\n                                                <a href=\"https:\/\/tecnologicosucre.edu.ec\/web\/proyecto2024i-2\/\" rel=\"bookmark\"\n                                                   title=\"CAPACITAMBILLO\"><img decoding=\"async\" src=\"https:\/\/tecnologicosucre.edu.ec\/web\/wp-content\/uploads\/2025\/02\/isu_vin-1.png\" alt=\"CAPACITAMBILLO\" title=\"CAPACITAMBILLO\">\n                                                <\/a>\n                                                <div>\n                                                    <p class=\"p-bg\"><i class=\"fa fa-file-text-o\"><\/i><\/p>                                                    <span class=\"s-bg\">10 de febrero de 2024<\/span>\n                                                <\/div>\n                                            <\/div>\n                                                                                <div class=\"post-content\">\n                                            <h3><a class=\"heading-color\" href=\"https:\/\/tecnologicosucre.edu.ec\/web\/proyecto2024i-2\/\"\n                                                   rel=\"bookmark\"\n                                                   title=\"CAPACITAMBILLO\">CAPACITAMBILLO<\/a><\/h3>\n                                                                                        <p>[vc_row][vc_column][vc_column_text css=\u00bb\u00bb][\/vc_column_text][\/vc_column][\/vc_row]<\/p>\n                                            <div class=\"post-entry-meta\">\n                                                <span class=\"event-author\">Edit\u00f6r<\/span>\n                                                <span class=\"event-comment\">0<\/span>\n\t                                            <span class=\"event-view\">584<\/span>\n                                            <\/div>\n                                        <\/div>\n                                    <\/div>\n                                <\/div>\n                                                                <div class=\"col-md-4 col-sm-6 mg-bottom-50\">\n                                    <div class=\"post-item\">\n                                                                                    <div class=\"post-image\">\n                                                <a href=\"https:\/\/tecnologicosucre.edu.ec\/web\/proyecto2024i-4\/\" rel=\"bookmark\"\n                                                   title=\"Integraci\u00f3n de la rob\u00f3tica educativa Fundaci\u00f3n Proyecto Salesiano\"><img decoding=\"async\" src=\"https:\/\/tecnologicosucre.edu.ec\/web\/wp-content\/uploads\/2025\/02\/isu_vin-1.png\" alt=\"Integraci\u00f3n de la rob\u00f3tica educativa Fundaci\u00f3n Proyecto Salesiano\" title=\"Integraci\u00f3n de la rob\u00f3tica educativa Fundaci\u00f3n Proyecto Salesiano\">\n                                                <\/a>\n                                                <div>\n                                                    <p class=\"p-bg\"><i class=\"fa fa-file-text-o\"><\/i><\/p>                                                    <span class=\"s-bg\">10 de febrero de 2024<\/span>\n                                                <\/div>\n                                            <\/div>\n                                                                                <div class=\"post-content\">\n                                            <h3><a class=\"heading-color\" href=\"https:\/\/tecnologicosucre.edu.ec\/web\/proyecto2024i-4\/\"\n                                                   rel=\"bookmark\"\n                                                   title=\"Integraci\u00f3n de la rob\u00f3tica educativa Fundaci\u00f3n Proyecto Salesiano\">Integraci\u00f3n de la rob\u00f3tica educativa Fundaci\u00f3n Proyecto Salesiano<\/a><\/h3>\n                                                                                        <p>[vc_row][vc_column][vc_column_text css=\u00bb\u00bb][\/vc_column_text][\/vc_column][\/vc_row]<\/p>\n                                            <div class=\"post-entry-meta\">\n                                                <span class=\"event-author\">Edit\u00f6r<\/span>\n                                                <span class=\"event-comment\">0<\/span>\n\t                                            <span class=\"event-view\">2420<\/span>\n                                            <\/div>\n                                        <\/div>\n                                    <\/div>\n                                <\/div>\n                                                                <div class=\"col-md-4 col-sm-6 mg-bottom-50\">\n                                    <div class=\"post-item\">\n                                                                                    <div class=\"post-image\">\n                                                <a href=\"https:\/\/tecnologicosucre.edu.ec\/web\/proyecto2024i-1\/\" rel=\"bookmark\"\n                                                   title=\"Capacitaci\u00f3n de electricidad b\u00e1sica e instalaciones residenciales\"><img decoding=\"async\" src=\"https:\/\/tecnologicosucre.edu.ec\/web\/wp-content\/uploads\/2025\/02\/isu_vin-1.png\" alt=\"Capacitaci\u00f3n de electricidad b\u00e1sica e instalaciones residenciales\" title=\"Capacitaci\u00f3n de electricidad b\u00e1sica e instalaciones residenciales\">\n                                                <\/a>\n                                                <div>\n                                                    <p class=\"p-bg\"><i class=\"fa fa-file-text-o\"><\/i><\/p>                                                    <span class=\"s-bg\">9 de febrero de 2024<\/span>\n                                                <\/div>\n                                            <\/div>\n                                                                                <div class=\"post-content\">\n                                            <h3><a class=\"heading-color\" href=\"https:\/\/tecnologicosucre.edu.ec\/web\/proyecto2024i-1\/\"\n                                                   rel=\"bookmark\"\n                                                   title=\"Capacitaci\u00f3n de electricidad b\u00e1sica e instalaciones residenciales\">Capacitaci\u00f3n de electricidad b\u00e1sica e instalaciones residenciales<\/a><\/h3>\n                                                                                        <p>[vc_row][vc_column][vc_column_text css=\u00bb\u00bb][\/vc_column_text][\/vc_column][\/vc_row]<\/p>\n                                            <div class=\"post-entry-meta\">\n                                                <span class=\"event-author\">Edit\u00f6r<\/span>\n                                                <span class=\"event-comment\">0<\/span>\n\t                                            <span class=\"event-view\">3335<\/span>\n                                            <\/div>\n                                        <\/div>\n                                    <\/div>\n                                <\/div>\n                                                            <\/div>\n                                        <\/div>\n                [\/vc_column][\/vc_row]<\/p>\n<\/div>","protected":false},"excerpt":{"rendered":"<p>[vc_row][vc_column][\/vc_column][\/vc_row]<\/p>\n","protected":false},"author":2,"featured_media":0,"parent":0,"menu_order":0,"comment_status":"closed","ping_status":"closed","template":"","meta":{"_monsterinsights_skip_tracking":false,"_monsterinsights_sitenote_active":false,"_monsterinsights_sitenote_note":"","_monsterinsights_sitenote_category":0,"footnotes":""},"class_list":["post-8209","page","type-page","status-publish","hentry"],"_links":{"self":[{"href":"https:\/\/tecnologicosucre.edu.ec\/web\/wp-json\/wp\/v2\/pages\/8209","targetHints":{"allow":["GET"]}}],"collection":[{"href":"https:\/\/tecnologicosucre.edu.ec\/web\/wp-json\/wp\/v2\/pages"}],"about":[{"href":"https:\/\/tecnologicosucre.edu.ec\/web\/wp-json\/wp\/v2\/types\/page"}],"author":[{"embeddable":true,"href":"https:\/\/tecnologicosucre.edu.ec\/web\/wp-json\/wp\/v2\/users\/2"}],"replies":[{"embeddable":true,"href":"https:\/\/tecnologicosucre.edu.ec\/web\/wp-json\/wp\/v2\/comments?post=8209"}],"version-history":[{"count":0,"href":"https:\/\/tecnologicosucre.edu.ec\/web\/wp-json\/wp\/v2\/pages\/8209\/revisions"}],"wp:attachment":[{"href":"https:\/\/tecnologicosucre.edu.ec\/web\/wp-json\/wp\/v2\/media?parent=8209"}],"curies":[{"name":"wp","href":"https:\/\/api.w.org\/{rel}","templated":true}]}}