{"id":5299,"date":"2024-04-26T14:22:32","date_gmt":"2024-04-26T19:22:32","guid":{"rendered":"https:\/\/tecnologicosucre.edu.ec\/?page_id=5299"},"modified":"2024-08-15T18:11:47","modified_gmt":"2024-08-15T23:11:47","slug":"publicaciones_ritam","status":"publish","type":"page","link":"https:\/\/tecnologicosucre.edu.ec\/web\/publicaciones_ritam\/","title":{"rendered":"Publicaciones &#8211; RITAM"},"content":{"rendered":"<div class=\"wpb-content-wrapper\"><p>[vc_row][vc_column]            <div class=\"heading color-dark text-left \" >\n                                                <h2 class=\"heading-color fs-38\">\n                    RITAM - Red de Investigaci\u00f3n Tecnol\u00f3gica y Artes Musicales                <\/h2>\n                            <\/div>\n            [vc_empty_space][vc_column_text css=\u00bb\u00bb]El principal objetivo de la investigaci\u00f3n es la generaci\u00f3n de nuevo conocimiento, y que su aplicaci\u00f3n contribuya al progreso de la humanidad. Desde la academia, la investigaci\u00f3n aporta al desarrollo de nuevos recursos, t\u00e9cnicas, instrumentos y sistemas, que ayudan a mejorar los procesos que contribuyen al progreso de la sociedad. Para poder lograr dichas metas surge la necesidad de unir esfuerzos entre las Instituciones de Educaci\u00f3n Superior (IES), y es as\u00ed, como nace la Red de Investigaci\u00f3n Tecnol\u00f3gica y de Artes Musicales (RITAM).<\/p>\n<p>La red RITAM tiene por objeto promover, estimular y fomentar la investigaci\u00f3n tecnol\u00f3gica y las artes musicales en el Ecuador y el resto del mundo. Se encuentra registrada en la Secretar\u00eda de Educaci\u00f3n Superior, Ciencia, Tecnolog\u00eda e Innovaci\u00f3n (Senescyt) desde el a\u00f1o 2018, y se mantiene, por el inter\u00e9s que tienen varios institutos de educaci\u00f3n superior y conservatorios p\u00fablicos, para difundir trabajos y proyectos acad\u00e9micos realizados dentro del \u00e1mbito de la investigaci\u00f3n, as\u00ed como evidenciar los resultados en materia de emprendimientos, productos y servicios que se ofertan y socializar experiencias de vinculaci\u00f3n entre los sectores acad\u00e9micos y socio-productivos.<\/p>\n<p>La red RITAM realiza investigaciones y estudios relativos a: Salud y Bienestar, Educaci\u00f3n, Tendencias Tecnol\u00f3gicas, Inteligencia Computacional, Comunicaciones, Seguridad, Visi\u00f3n de M\u00e1quina, Conservaci\u00f3n y Salvaguarda del Patrimonio Cultural, Artes Musicales, Ciencias Administrativas y Contables, Agricultura y Ganader\u00eda, Medioambiente, Biodiversidad y Cambio Clim\u00e1tico, Energ\u00eda y Materiales, Desarrollo Industrial, Territorio y Sociedad Inclusivos y Tecnolog\u00edas de la informaci\u00f3n y las Comunicaciones, con el apoyo de nuevas tendencias tecnol\u00f3gicas que ayuden de manera eficiente al desarrollo de los diferentes procesos investigativos[\/vc_column_text][vc_empty_space][\/vc_column][\/vc_row][vc_row][vc_column]            <div class=\"heading color-dark text-center \" >\n                                                <h2 class=\"heading-color fs-38\">\n                    PUBLICACIONES                <\/h2>\n                            <\/div>\n            [vc_empty_space][vc_column_text css=\u00bb\u00bb]Con el desarrollo anual del RITAM, se aporta a la divulgaci\u00f3n de Proyectos de Investigaci\u00f3n a nivel nacional e internacional, para lograr as\u00ed una relaci\u00f3n fluida de intereses compartidos entre el sector productivo y la academia en el Ecuador, como resultado de las investigaciones se presentan diversos art\u00edculos cient\u00edficos que son indexados en memorias del evento, revistas nacionales e internacionales de alto impacto.[\/vc_column_text][vc_empty_space][vc_tta_tabs style=\u00bboutline\u00bb color=\u00bbsky\u00bb active_section=\u00bb1&#8243;][vc_tta_section title=\u00bbRITAM 2019&#8243; tab_id=\u00bb1714160049787-64125ce1-e285&#8243;][vc_empty_space][vc_column_text css=\u00bb\u00bb]<\/p>\n<h4><strong>MEMORIAS DEL I ENCUENTRO DE INVESTIGACI\u00d3N TECNOL\u00d3GICA Y ARTES MUSICALES 2019<\/strong><\/h4>\n<p><a href=\"https:\/\/drive.google.com\/file\/d\/1BiNbsdUuN7H30n5ygc_rJIrgYrnF-_I-\/view\">https:\/\/drive.google.com\/file\/d\/1BiNbsdUuN7H30n5ygc_rJIrgYrnF-_I-\/view<\/a><\/p>\n<p><img loading=\"lazy\" decoding=\"async\" class=\"alignnone size-full wp-image-5312\" src=\"https:\/\/tecnologicosucre.edu.ec\/web\/wp-content\/uploads\/2024\/04\/6.jpg\" alt=\"\" width=\"214\" height=\"300\" \/>[\/vc_column_text][\/vc_tta_section][vc_tta_section title=\u00bbRITAM 2021&#8243; tab_id=\u00bb1714160049797-6ecded10-3c80&#8243;][vc_empty_space][vc_column_text css=\u00bb\u00bb]<\/p>\n<h4><strong>MEMORIAS DEL II ENCUENTRO DE INVESTIGACI\u00d3N TECNOL\u00d3GICA RITAM 2021<\/strong><\/h4>\n<p><a href=\"https:\/\/ojs.estudiantesucre.edu.ec\/index.php\/memorias_sucre_review\/issue\/view\/7\">https:\/\/ojs.estudiantesucre.edu.ec\/index.php\/memorias_sucre_review\/issue\/view\/7<\/a><\/p>\n<p><img loading=\"lazy\" decoding=\"async\" class=\"alignnone size-medium wp-image-5313 aligncenter\" src=\"https:\/\/tecnologicosucre.edu.ec\/web\/wp-content\/uploads\/2024\/04\/7-215x300.jpg\" alt=\"\" width=\"215\" height=\"300\" srcset=\"https:\/\/tecnologicosucre.edu.ec\/web\/wp-content\/uploads\/2024\/04\/7-215x300.jpg 215w, https:\/\/tecnologicosucre.edu.ec\/web\/wp-content\/uploads\/2024\/04\/7.jpg 567w\" sizes=\"auto, (max-width: 215px) 100vw, 215px\" \/>[\/vc_column_text][\/vc_tta_section][vc_tta_section title=\u00bbRITAM 2021 &#8211; REVISTA\u00bb tab_id=\u00bb1714162371731-6f09ad75-95b2&#8243;][vc_empty_space][vc_column_text css=\u00bb\u00bb]<\/p>\n<h4><strong>REVISTA \u2013 ECUADORIAN SCIENCE JOURNAL<\/strong><\/h4>\n<p><a href=\"https:\/\/journals.gdeon.org\/index.php\/esj\/issue\/view\/15\">https:\/\/journals.gdeon.org\/index.php\/esj\/issue\/view\/15<\/a><\/p>\n<p><img loading=\"lazy\" decoding=\"async\" class=\"size-full wp-image-5314 aligncenter\" src=\"https:\/\/tecnologicosucre.edu.ec\/web\/wp-content\/uploads\/2024\/04\/68.jpg\" alt=\"\" width=\"209\" height=\"300\" \/>[\/vc_column_text][\/vc_tta_section][vc_tta_section title=\u00bbRITAM 2021 &#8211; LIBRO\u00bb tab_id=\u00bb1714162428287-ba17a4d1-c296&#8243;][vc_empty_space][vc_column_text css=\u00bb\u00bb]<\/p>\n<h4><strong>LIBRO \u2013 LECTURE NOTES IN NETWORKS AND SYSTEMS<\/strong><\/h4>\n<p><a href=\"https:\/\/link.springer.com\/book\/10.1007\/978-3-031-11295-9\">https:\/\/link.springer.com\/book\/10.1007\/978-3-031-11295-9<\/a><\/p>\n<p><img loading=\"lazy\" decoding=\"async\" class=\"size-full wp-image-5315 aligncenter\" src=\"https:\/\/tecnologicosucre.edu.ec\/web\/wp-content\/uploads\/2024\/04\/45.jpg\" alt=\"\" width=\"197\" height=\"300\" \/>[\/vc_column_text][\/vc_tta_section][\/vc_tta_tabs][\/vc_column][\/vc_row]<\/p>\n<\/div>","protected":false},"excerpt":{"rendered":"<p>[vc_row][vc_column][vc_empty_space][vc_column_text css=\u00bb\u00bb]El principal objetivo de la investigaci\u00f3n es la generaci\u00f3n de nuevo conocimiento, y que su aplicaci\u00f3n contribuya al progreso de la humanidad. Desde la academia, la investigaci\u00f3n aporta al desarrollo de nuevos recursos, t\u00e9cnicas, instrumentos y sistemas, que ayudan a mejorar los procesos que contribuyen al progreso de la sociedad. Para poder lograr dichas [&hellip;]<\/p>\n","protected":false},"author":2,"featured_media":0,"parent":0,"menu_order":0,"comment_status":"closed","ping_status":"closed","template":"","meta":{"_monsterinsights_skip_tracking":false,"_monsterinsights_sitenote_active":false,"_monsterinsights_sitenote_note":"","_monsterinsights_sitenote_category":0,"footnotes":""},"class_list":["post-5299","page","type-page","status-publish","hentry"],"_links":{"self":[{"href":"https:\/\/tecnologicosucre.edu.ec\/web\/wp-json\/wp\/v2\/pages\/5299","targetHints":{"allow":["GET"]}}],"collection":[{"href":"https:\/\/tecnologicosucre.edu.ec\/web\/wp-json\/wp\/v2\/pages"}],"about":[{"href":"https:\/\/tecnologicosucre.edu.ec\/web\/wp-json\/wp\/v2\/types\/page"}],"author":[{"embeddable":true,"href":"https:\/\/tecnologicosucre.edu.ec\/web\/wp-json\/wp\/v2\/users\/2"}],"replies":[{"embeddable":true,"href":"https:\/\/tecnologicosucre.edu.ec\/web\/wp-json\/wp\/v2\/comments?post=5299"}],"version-history":[{"count":0,"href":"https:\/\/tecnologicosucre.edu.ec\/web\/wp-json\/wp\/v2\/pages\/5299\/revisions"}],"wp:attachment":[{"href":"https:\/\/tecnologicosucre.edu.ec\/web\/wp-json\/wp\/v2\/media?parent=5299"}],"curies":[{"name":"wp","href":"https:\/\/api.w.org\/{rel}","templated":true}]}}