{"id":1836,"date":"2023-06-01T17:58:16","date_gmt":"2023-06-01T22:58:16","guid":{"rendered":"http:\/\/page.estudiantesucre.edu.ec\/?page_id=1836"},"modified":"2025-06-13T19:05:41","modified_gmt":"2025-06-14T00:05:41","slug":"practicas-pre-profesionales","status":"publish","type":"page","link":"https:\/\/tecnologicosucre.edu.ec\/web\/practicas-pre-profesionales\/","title":{"rendered":"Pr\u00e1cticas Pre Profesionales"},"content":{"rendered":"<div class=\"wpb-content-wrapper\"><p>[vc_section][vc_row layout=\u00bbcontainer\u00bb][vc_column][vc_column_text css=\u00bb\u00bb]<\/p>\n<h3>Pr\u00e1cticas PRE PROFESIONALES<\/h3>\n<p>Si aprobaste <strong>segundo<\/strong><b> semestre est\u00e1s listo <\/b>para realizar las pr\u00e1cticas pre profesionales.<br \/>\nRevisa las 4 opciones y verifica los formatos del proceso de Pr\u00e1cticas.<\/p>\n<p>[\/vc_column_text][vc_empty_space][vc_column_text css=\u00bb\u00bb][\/vc_column_text][vc_empty_space][vc_btn title=\u00bbOPCI\u00d3N 1&#8243; color=\u00bbprimary\u00bb size=\u00bbsm\u00bb css=\u00bb\u00bb link=\u00bburl:https%3A%2F%2Ftecnologicosucre.edu.ec%2Fweb%2Fpracticas-pre-profesionales-op-1|title:Pr%C3%A1cticas%20Pre%20Profesionales%20Opci%C3%B3n%201|target:_blank\u00bb][vc_btn title=\u00bbOPCI\u00d3N 2&#8243; color=\u00bbprimary\u00bb size=\u00bbsm\u00bb css=\u00bb\u00bb link=\u00bburl:https%3A%2F%2Ftecnologicosucre.edu.ec%2Fweb%2Fpracticas-pre-profesionales-op-2|title:Pr%C3%A1cticas%20Pre%20Profesionales%20Opci%C3%B3n%202|target:_blank\u00bb][vc_btn title=\u00bbOPCI\u00d3N 3&#8243; color=\u00bbprimary\u00bb size=\u00bbsm\u00bb css=\u00bb\u00bb link=\u00bburl:https%3A%2F%2Ftecnologicosucre.edu.ec%2Fweb%2Fpracticas-pre-profesionales-op-3%2F|title:Pr%C3%A1cticas%20Pre%20Profesionales%20Opci%C3%B3n%203|target:_blank\u00bb][vc_btn title=\u00bbOPCI\u00d3N 4&#8243; color=\u00bbprimary\u00bb size=\u00bbsm\u00bb css=\u00bb\u00bb link=\u00bburl:https%3A%2F%2Ftecnologicosucre.edu.ec%2Fweb%2Fpracticas-pre-profesionales-op-4%2F|title:Pr%C3%A1cticas%20Pre%20Profesionales%20Opci%C3%B3n%204|target:_blank\u00bb][vc_btn title=\u00bbFORMACI\u00d3N DUAL MIES\u00bb color=\u00bbprimary\u00bb size=\u00bbsm\u00bb css=\u00bb\u00bb link=\u00bburl:https%3A%2F%2Ftecnologicosucre.edu.ec%2Fweb%2Fformacion-dual-mies%2F|title:Formaci%C3%B3n%20dual%20mies|target:_blank\u00bb][vc_btn title=\u00bbFORMACI\u00d3N DUAL CENTRO INFANTIL PARTICULAR\u00bb color=\u00bbprimary\u00bb size=\u00bbsm\u00bb css=\u00bb\u00bb link=\u00bburl:https%3A%2F%2Ftecnologicosucre.edu.ec%2Fweb%2Ffd-centro-infantil-particular%2F|title:Formaci%C3%B3n%20dual%20empresa%20particular|target:_blank\u00bb][vc_btn title=\u00bbPR\u00c1CTICAS DE SERVICIO COMUNITARIO\u00bb color=\u00bbprimary\u00bb size=\u00bbsm\u00bb css=\u00bb\u00bb link=\u00bburl:https%3A%2F%2Ftecnologicosucre.edu.ec%2Fweb%2Fpracticas-de-servicio-comunitario%2F|title:Proceso%20de%20servicio%20comunitario\u00bb][\/vc_column][\/vc_row][\/vc_section][vc_row][vc_column][vc_empty_space][\/vc_column][\/vc_row][vc_row][vc_column][vc_tta_tabs style=\u00bboutline\u00bb color=\u00bbsky\u00bb active_section=\u00bb1&#8243;][vc_tta_section i_icon_fontawesome=\u00bbfa fa-solid fa-envelope-circle-check\u00bb add_icon=\u00bbtrue\u00bb title=\u00bbCorreos representantes de pr\u00e1cticas\u00bb tab_id=\u00bb1687986905952-c1740070-d45f\u00bb][vc_column_text css=\u00bb\u00bb]<\/p>\n<ol>\n<li><strong>CONTABILIDAD: Ing. Celia Pesantez <a href=\"mailto:cct_vinculacion@tecnologicosucre.edu.ec\">cct_vinculacion@tecnologicosucre.edu.ec<\/a><\/strong><\/li>\n<li><strong>DESARROLLO INFANTIL INTEGRAL:<\/strong>\u00a0<strong>Lic. Jenny C\u00e1rdenas <a href=\"mailto:cdii_vinculacion@tecnologicosucre.edu.ec\">cdii_vinculacion@tecnologicosucre.edu.ec<\/a><\/strong><\/li>\n<li><strong>DESARROLLO DE SOFTWARE: Ing. Robinson Campa\u00f1a <a href=\"mailto:cds_vinculacion@tecnologicosucre.edu.ec\">cds_vinculacion@tecnologicosucre.edu.ec<\/a><\/strong><\/li>\n<li><strong><strong>EDUCACI\u00d3N INICIAL: Lcda. M\u00f3nica Sosa <\/strong><\/strong><strong><a href=\"mailto:cedi_vinculacion@tecnologicosucre.edu.ec\" target=\"_blank\" rel=\"noopener\">cedi_vinculacion@<wbr \/>tecnologicosucre.edu.ec<\/a><\/strong><\/li>\n<li><strong>ELECTRICIDAD:\u00a0Ing. Rub\u00e9n Tirira\u00a0<a href=\"mailto:cel_vinculacion@tecnologicosucre.edu.ec\">cel_vinculacion@tecnologicosucre.edu.ec<\/a><\/strong><\/li>\n<li><strong>ELECTR\u00d3NICA:<\/strong>\u00a0<strong>Ing. Andr\u00e9s Guano <a href=\"mailto:cet_vinculacion@tecnologicosucre.edu.ec\">cet_vinculacion@tecnologicosucre.edu.ec<\/a><\/strong><\/li>\n<li><strong>ELECTROMEC\u00c1NICA:\u00a0Ing. Roberto P\u00e9rez\u00a0<a href=\"mailto:cem_vinculacion@tecnologicosucre.edu.ec\">cem_vinculacion@tecnologicosucre.edu.ec<\/a><\/strong><\/li>\n<li><strong>FOTOGRAF\u00cdA: MSc. Grace Tulcanazo <a href=\"mailto:cft_vinculacion@tecnologicosucre.edu.ec\">cft_vinculacion@tecnologicosucre.edu.ec<\/a><\/strong><\/li>\n<li><strong>GESTI\u00d3N AMBIENTAL: Ing. H\u00e9ctor P\u00e9rez <a href=\"mailto:cga_vinculacion@tecnologicosucre.edu.ec\">cga_vinculacion@tecnologicosucre.edu.ec<\/a><\/strong><\/li>\n<li><strong>MARKETING:<\/strong>\u00a0<strong>Ing. Valeria Su\u00e1rez\u00a0<a href=\"mailto:cmk_vinculacion@tecnologicosucre.edu.ec\">cmk_vinculacion@tecnologicosucre.edu.ec<\/a><\/strong><\/li>\n<li><strong>PRODUCCI\u00d3N Y REALIZACI\u00d3N AUDIOVISUAL:\u00a0MSc. Sandra D\u00edaz\u00a0<a href=\"mailto:cpra_vinculacion@tecnologicosucre.edu.ec\">cpra_vinculacion@tecnologicosucre.edu.ec<\/a><\/strong><\/li>\n<li><strong>PROCESAMIENTO DE ALIMENTOS: Ing. Natalia Calder\u00f3n <a href=\"mailto:cpa_vinculacion@tecnologicosucre.edu.ec\">cpa_vinculacion@tecnologicosucre.edu.ec<\/a><\/strong><\/li>\n<\/ol>\n<p>[\/vc_column_text][\/vc_tta_section][vc_tta_section i_icon_fontawesome=\u00bbfa fa-solid fa-envelope-circle-check\u00bb add_icon=\u00bbtrue\u00bb title=\u00bbCorreos de Autoridades\u00bb tab_id=\u00bb1687986905991-1d4253f9-dc97&#8243;][vc_column_text css=\u00bb\u00bb]<\/p>\n<h4><b class=\"colo \">CoordinadorES de PR\u00c1CTICAS DE Servicio Comunitario<\/b><\/h4>\n<ul>\n<li><strong>MSc. Gisella Huera<a href=\"mailto:ghuera@tecnologicosucre.edu.ec\"> ghuera@tecnologicosucre.edu.ec<\/a> \/ <\/strong>Campus SUR<\/li>\n<li><strong>Ing. Mar\u00eda Jos\u00e9 Anrango\u00a0<a href=\"mailto:manrango@tecnologicosucre.edu.ec\" target=\"_blank\" rel=\"noopener\">manrango@tecnologicosucre.edu.<wbr \/>ec<\/a><\/strong>\u00a0\/ Campus NORTE<\/li>\n<li><strong><strong>\u00a0<a href=\"mailto:vinculacion@tecnologicosucre.edu.ec\">vinculacion@tecnologicosucre.edu.ec<\/a><\/strong><\/strong>\n<div><strong>\/<\/strong>\u00a0<a href=\"mailto:practicas_psc@tecnologicosucre.edu.ec\"><strong>practicas_psc@<wbr \/>tecnologicosucre.edu.ec<\/strong><\/a><\/div>\n<\/li>\n<\/ul>\n<h4><strong> COORDINADORES DE PR\u00c1CTICAS PRE PROFESIONALES<\/strong><\/h4>\n<ul>\n<li><strong>Ing. Javier Cajas<\/strong>\u00a0<strong><a href=\"mailto:ecajas@tecnologicosucre.edu.ec\">ecajas@tecnologicosucre.edu.ec <\/a>\/ <\/strong>Campus SUR<\/li>\n<li><strong>Ing. Alejandra Lopez\u00a0<\/strong><a href=\"mailto:mlopez@tecnologicosucre.edu.ec\" target=\"_blank\" rel=\"noopener\"><strong>mlopez@tecnologicosucre.edu.ec<\/strong><\/a>\u00a0\/ Campus NORTE<\/li>\n<li><a href=\"mailto:practicas_plr@tecnologicosucre.edu.ec\"><strong> practicas_plr@<wbr \/>tecnologicosucre.edu.ec<\/strong><\/a><\/li>\n<\/ul>\n<p>[\/vc_column_text][\/vc_tta_section][\/vc_tta_tabs][\/vc_column][\/vc_row][vc_row][vc_column][\/vc_column][\/vc_row]<\/p>\n<\/div>","protected":false},"excerpt":{"rendered":"<p>[vc_section][vc_row layout=\u00bbcontainer\u00bb][vc_column][vc_column_text css=\u00bb\u00bb] Pr\u00e1cticas PRE PROFESIONALES Si aprobaste segundo semestre est\u00e1s listo para realizar las pr\u00e1cticas pre profesionales. Revisa las 4 opciones y verifica los formatos del proceso de Pr\u00e1cticas. [\/vc_column_text][vc_empty_space][vc_column_text css=\u00bb\u00bb][\/vc_column_text][vc_empty_space][vc_btn title=\u00bbOPCI\u00d3N 1&#8243; color=\u00bbprimary\u00bb size=\u00bbsm\u00bb css=\u00bb\u00bb link=\u00bburl:https%3A%2F%2Ftecnologicosucre.edu.ec%2Fweb%2Fpracticas-pre-profesionales-op-1|title:Pr%C3%A1cticas%20Pre%20Profesionales%20Opci%C3%B3n%201|target:_blank\u00bb][vc_btn title=\u00bbOPCI\u00d3N 2&#8243; color=\u00bbprimary\u00bb size=\u00bbsm\u00bb css=\u00bb\u00bb link=\u00bburl:https%3A%2F%2Ftecnologicosucre.edu.ec%2Fweb%2Fpracticas-pre-profesionales-op-2|title:Pr%C3%A1cticas%20Pre%20Profesionales%20Opci%C3%B3n%202|target:_blank\u00bb][vc_btn title=\u00bbOPCI\u00d3N 3&#8243; color=\u00bbprimary\u00bb size=\u00bbsm\u00bb css=\u00bb\u00bb link=\u00bburl:https%3A%2F%2Ftecnologicosucre.edu.ec%2Fweb%2Fpracticas-pre-profesionales-op-3%2F|title:Pr%C3%A1cticas%20Pre%20Profesionales%20Opci%C3%B3n%203|target:_blank\u00bb][vc_btn title=\u00bbOPCI\u00d3N 4&#8243; color=\u00bbprimary\u00bb size=\u00bbsm\u00bb css=\u00bb\u00bb [&hellip;]<\/p>\n","protected":false},"author":2,"featured_media":0,"parent":0,"menu_order":0,"comment_status":"closed","ping_status":"closed","template":"","meta":{"_monsterinsights_skip_tracking":false,"_monsterinsights_sitenote_active":false,"_monsterinsights_sitenote_note":"","_monsterinsights_sitenote_category":0,"footnotes":""},"class_list":["post-1836","page","type-page","status-publish","hentry"],"_links":{"self":[{"href":"https:\/\/tecnologicosucre.edu.ec\/web\/wp-json\/wp\/v2\/pages\/1836","targetHints":{"allow":["GET"]}}],"collection":[{"href":"https:\/\/tecnologicosucre.edu.ec\/web\/wp-json\/wp\/v2\/pages"}],"about":[{"href":"https:\/\/tecnologicosucre.edu.ec\/web\/wp-json\/wp\/v2\/types\/page"}],"author":[{"embeddable":true,"href":"https:\/\/tecnologicosucre.edu.ec\/web\/wp-json\/wp\/v2\/users\/2"}],"replies":[{"embeddable":true,"href":"https:\/\/tecnologicosucre.edu.ec\/web\/wp-json\/wp\/v2\/comments?post=1836"}],"version-history":[{"count":0,"href":"https:\/\/tecnologicosucre.edu.ec\/web\/wp-json\/wp\/v2\/pages\/1836\/revisions"}],"wp:attachment":[{"href":"https:\/\/tecnologicosucre.edu.ec\/web\/wp-json\/wp\/v2\/media?parent=1836"}],"curies":[{"name":"wp","href":"https:\/\/api.w.org\/{rel}","templated":true}]}}