{"id":1650,"date":"2023-04-27T18:08:32","date_gmt":"2023-04-27T23:08:32","guid":{"rendered":"http:\/\/page.estudiantesucre.edu.ec\/?page_id=1650"},"modified":"2025-02-24T21:46:49","modified_gmt":"2025-02-25T02:46:49","slug":"autoridades","status":"publish","type":"page","link":"https:\/\/tecnologicosucre.edu.ec\/web\/autoridades\/","title":{"rendered":"Autoridades"},"content":{"rendered":"<div class=\"wpb-content-wrapper\"><p>[vc_row layout=\u00bbcontainer\u00bb][vc_column width=\u00bb2\/3&#8243;]            <div class=\"heading color-dark text-left \" >\n                                                <h2 class=\"heading-color fs-38\">\n                    RECTORADO                <\/h2>\n                            <\/div>\n            [vc_empty_space][vc_empty_space][vc_column_text]PhD.Santiago Illescas Correa<br \/>\n<strong>RECTOR DEL SUCRE<\/strong><br \/>\n<strong>Instituto Superior Tecnol\u00f3gico<\/strong><br \/>\n[\/vc_column_text][vc_empty_space][vc_tta_tabs title_tag=\u00bbh4&#8243; style=\u00bboutline\u00bb shape=\u00bbround\u00bb color=\u00bbblue\u00bb spacing=\u00bb4&#8243; active_section=\u00bb1&#8243;][vc_tta_section i_type=\u00bblinecons\u00bb i_icon_linecons=\u00bbvc_li vc_li-study\u00bb add_icon=\u00bbtrue\u00bb title=\u00bbExperiencia laboral\u00bb tab_id=\u00bb1693590976741-941d9707-22b4&#8243;][vc_column_text]<\/p>\n<ul>\n<li>PhD en Gobierno y Administraci\u00f3n P\u00fablica, de la Universidad Complutense de Madrid-Espa\u00f1a; Magister en Alta Gerencia, del Instituto de Altos Estudios Nacionales-Ecuador; Master en Ciencias, de la Universidad de Pav\u00eda \u2013 Italia; Ingeniero Comercial, de la Universidad Nacional de Loja-Ecuador; Ingeniero Qu\u00edmico de la Universidad T\u00e9cnica Particular de Loja-Ecuador.<\/li>\n<li>Consultor y Coordinador de proyectos Nacionales e Internacionales de la Fundaci\u00f3n Alianza Estrat\u00e9gica, ONG que trabaja en el fortalecimiento de los GAD\u00b4s e Instituciones P\u00fablicas del pa\u00eds.<\/li>\n<li>Docente universitario de la EPN, UDLA, UTPL, IAEN responsable de las c\u00e1tedras: Planificaci\u00f3n institucional, gesti\u00f3n y evaluaci\u00f3n de proyectos, pensamiento estrat\u00e9gico, estrategia en las organizaciones, teor\u00edas de la administraci\u00f3n p\u00fablica, modelos de gesti\u00f3n, gesti\u00f3n de la calidad y metodolog\u00eda de la investigaci\u00f3n.<\/li>\n<\/ul>\n<p>[\/vc_column_text][\/vc_tta_section][vc_tta_section i_type=\u00bblinecons\u00bb i_icon_linecons=\u00bbvc_li vc_li-pen\u00bb add_icon=\u00bbtrue\u00bb title=\u00bbL\u00edneas de investigaci\u00f3n\u00bb tab_id=\u00bb1693590976761-25811eaa-c3e2&#8243;][vc_column_text]<\/p>\n<ul>\n<li>Administraci\u00f3n y gesti\u00f3n p\u00fablica, dentro del GIGAPP.<\/li>\n<li>Gobernanza y modelos de gesti\u00f3n, dentro del CLAD.<\/li>\n<li>Estrategia en las organizaciones, dentro de AECPA.<\/li>\n<li>Comparative health Policy \/ Health Politics, dentro de IPSA.<\/li>\n<\/ul>\n<p>[\/vc_column_text][\/vc_tta_section][vc_tta_section i_type=\u00bbtypicons\u00bb i_icon_typicons=\u00bbtypcn typcn-clipboard\u00bb add_icon=\u00bbtrue\u00bb title=\u00bbPublicaciones\u00bb tab_id=\u00bb1693590981611-ba05938b-5d46&#8243;][vc_column_text]<\/p>\n<ul>\n<li>La Institucionalidad de la Marca pa\u00eds en el Ecuador: De una marca tur\u00edstica a una imagen m\u00e1s consolidada y articulada\u201d, Editorial Acad\u00e9mica Espa\u00f1ola, 2016. ISBN: 978-3-659-70079-8. www.amazon.com.<\/li>\n<li>Public Health Policy in Ecuador\u201d, Lambert Academic Publishing, 2015. ISBN: 978-3-659-74097-8. www.amazon.com.<\/li>\n<li>An\u00e1lisis de las reformas del Sistema Nacional de Salud en Ecuador\u201d, Editorial Publicia, 2015. ISBN: 978-3-639-64872-0. www.amazon.com.<\/li>\n<li>Evaluaci\u00f3n del Modelo de Gesti\u00f3n de la EPMAPS de Quito\u201d, Editorial Acad\u00e9mica Espa\u00f1ola, 2015. ISBN: 978-3-659-09230-5. www.amazon.com.<\/li>\n<li>Gerencia de Proyectos de Turismo Comunitario. Editorial Acad\u00e9mica Espa\u00f1ola, 2014. ISBN: 978-3-659-05715-1. www.amazon.com.<\/li>\n<li>Evaluaci\u00f3n del Modelo de Gesti\u00f3n de la Empresa P\u00fablica Petroamazonas en el Ecuador\u201d, Editorial Acad\u00e9mica Espa\u00f1ola, 2014. ISBN: 978-3-8484-5893-6. www.amazon.com.<\/li>\n<li>Evaluaci\u00f3n del Modelo de Gesti\u00f3n de las UEM en el Ecuador\u201d, Editorial Acad\u00e9mica Espa\u00f1ola, 2014. ISBN: 978-3-8473-6819-9. www.amazon.com.<\/li>\n<li>La Condici\u00f3n de Vida de las Personas Adultas Mayores en el Ecuador\u201d, Editorial Acad\u00e9mica Espa\u00f1ola, 2013. ISBN: 978-3-8484-6082-3, www.amazon.com.<\/li>\n<li>Flavonol in the leaves of Siparuna Eggersii\u201d, Journal of Ethnopharmacology, London, University of Oxford, 2008.<\/li>\n<li>Aislamiento de Metabolitos por fraccionamiento Biodirigido de la especie Siparuna Eggersii Hieron\u201d, Redalyc, Colombia, Universidad de Colombia, 2008.<\/li>\n<li>Flavonol in the leaves of Siparuna Eggersii\u201d, Lyonia, Journal of ecology and application, USA, 2008.<\/li>\n<li>Estudio Etnobot\u00e1nico Realizado en las Provincias de Loja y Zamora Chinchipe\u201d, Di\u00e1logo de saberes: plantas medicinales, salud y cosmovisiones, Colombia, Universidad Nacional de Colombia, 2009.<\/li>\n<li>Aplicaci\u00f3n del proceso de reclutamiento, selecci\u00f3n inducci\u00f3n y capacitaci\u00f3n del talento humano en la empresa AGSELPER CIA: LTDA de la ciudad de Loja, UNL, 2007.<\/li>\n<li>Aplicaci\u00f3n de las herramientas financieras a la empresa de Produpan de la ciudad de Loja en el periodo 2005-2006\u201d, UNL, 2006.<\/li>\n<li>Estudio del proceso productivo de crianza de Rana en la empresa el rinc\u00f3n de la ranita del barrio Puinza cant\u00f3n Zamora \u201d, UNL, 2005.<\/li>\n<li>An\u00e1lisis de la aplicaci\u00f3n de los proceso productivos en la empresa VILCA-VIDA CIA: LTDA de la ciudad de Loja, UNL, 2004.<\/li>\n<\/ul>\n<p>[\/vc_column_text][\/vc_tta_section][\/vc_tta_tabs][\/vc_column][vc_column width=\u00bb1\/3&#8243;][vc_empty_space][vc_empty_space][vc_single_image image=\u00bb3323&#8243; img_size=\u00bb600&#215;500&#8243;][vc_empty_space][\/vc_column][\/vc_row][vc_row][vc_column][vc_single_image image=\u00bb6290&#8243; img_size=\u00bb1200&#215;400&#8243; alignment=\u00bbcenter\u00bb style=\u00bbvc_box_border\u00bb border_color=\u00bbsky\u00bb css=\u00bb\u00bb][vc_empty_space height=\u00bb64px\u00bb][\/vc_column][\/vc_row][vc_row layout=\u00bbcontainer\u00bb][vc_column width=\u00bb2\/3&#8243;]            <div class=\"heading color-dark text-left \" >\n                                                <h2 class=\"heading-color fs-38\">\n                    VICERRECTORADO                <\/h2>\n                            <\/div>\n            [vc_empty_space][vc_column_text css=\u00bb\u00bb]Msc. N\u00e9stor Castillo Mantuano<br \/>\n<strong>VICERRECTOR DEL SUCRE<\/strong><br \/>\n<strong>Instituto Superior Tecnol\u00f3gico<\/strong>[\/vc_column_text][vc_empty_space][vc_tta_tabs title_tag=\u00bbh4&#8243; style=\u00bboutline\u00bb shape=\u00bbround\u00bb color=\u00bbblue\u00bb spacing=\u00bb4&#8243; active_section=\u00bb1&#8243;][vc_tta_section i_type=\u00bblinecons\u00bb i_icon_linecons=\u00bbvc_li vc_li-study\u00bb add_icon=\u00bbtrue\u00bb title=\u00bbExperiencia laboral\u00bb tab_id=\u00bb1724287918263-5d0da930-b235&#8243;][vc_column_text css=\u00bb\u00bb]<\/p>\n<ul>\n<li>Master Universitario en Neurociencia y Educaci\u00f3n, de la Universidad Internacional de la Rioja \u2013 Espa\u00f1a; Diplomado en Epistemolog\u00eda y Teor\u00eda del Conocimiento, del Centro de Investigaci\u00f3n y Desarrollo Ecuador; Licenciado en Filosof\u00eda y Pedagog\u00eda, de la Universidad Polit\u00e9cnica Salesiana.<\/li>\n<li>Coordinador de Centro de Apoyo Puyo-Pastaza, de la Universidad Nacional de Educaci\u00f3n del Proyecto de Profesionalizaci\u00f3n Docente; Especialista Curricular Proyecto Reforma de Bachillerato T\u00e9cnico Ministerio de Educaci\u00f3n; Coordinador Acad\u00e9mico Programas de la Corporaci\u00f3n de Promoci\u00f3n Econ\u00f3mica ConQuito.<\/li>\n<li>Docente de educaci\u00f3n superior Universidad Nacional de Educaci\u00f3n; Studium Theologicum Franciscanum \u00abCardenal Echeverr\u00eda\u00bb; Pontificia Universit\u00e0 Antonianum; Universidad Polit\u00e9cnica Salesiana; Instituto Jaime Rold\u00f3s Aguilera.<\/li>\n<\/ul>\n<p>[\/vc_column_text][\/vc_tta_section][vc_tta_section i_type=\u00bblinecons\u00bb i_icon_linecons=\u00bbvc_li vc_li-pen\u00bb add_icon=\u00bbtrue\u00bb title=\u00bbL\u00edneas de investigaci\u00f3n\u00bb tab_id=\u00bb1724287918296-afa76f4c-3886&#8243;][vc_column_text css=\u00bb\u00bb]<\/p>\n<ul>\n<li>Filosof\u00eda de la Ciencia y Epistemolog\u00eda\u2013 SIFCH<\/li>\n<li>Neusopsicopedagog\u00eda y Teor\u00eda del Conocimiento \u2013 Educatics<\/li>\n<li>Grupo de Investigaci\u00f3n de Cerebro y Ciencias Cognitivas \u2013 UPS<\/li>\n<li>Grupo de Investigaci\u00f3n Tejidos Socioeducativos \u2013 UNAE<\/li>\n<\/ul>\n<p>[\/vc_column_text][\/vc_tta_section][vc_tta_section i_type=\u00bbtypicons\u00bb i_icon_typicons=\u00bbtypcn typcn-clipboard\u00bb add_icon=\u00bbtrue\u00bb title=\u00bbPublicaciones\u00bb tab_id=\u00bb1724287918315-d1f5eaf5-5ce7&#8243;][vc_column_text css=\u00bb\u00bb]<\/p>\n<ul>\n<li>Dialogar para discutir (reflexiones l\u00f3gicas) Textos apasionados por la educaci\u00f3n, 2022, ISBN:978-9942-42-487-7.<\/li>\n<li>Filosof\u00eda y sentido de la vida en el contexto actual, Sentido de la vida y comunidad, 2021, ISBN Digital: 978-9978-10-612-9.<\/li>\n<li>Investigaci\u00f3n cualitativa en la carrera de Psicolog\u00eda durante el contexto de confinamiento, Experiencias docentes en tiempo de pandemia, 2022, ISBN Digital: 978-9978-10-627-3.<\/li>\n<\/ul>\n<p>[\/vc_column_text][\/vc_tta_section][\/vc_tta_tabs][\/vc_column][vc_column width=\u00bb1\/3&#8243;][vc_empty_space][vc_single_image image=\u00bb6283&#8243; img_size=\u00bb600&#215;550&#8243; css=\u00bb\u00bb][vc_empty_space][\/vc_column][\/vc_row][vc_row][vc_column][vc_empty_space][\/vc_column][\/vc_row]<\/p>\n<\/div>","protected":false},"excerpt":{"rendered":"<p>[vc_row layout=\u00bbcontainer\u00bb][vc_column width=\u00bb2\/3&#8243;][vc_empty_space][vc_empty_space][vc_column_text]PhD.Santiago Illescas Correa RECTOR DEL SUCRE Instituto Superior Tecnol\u00f3gico [\/vc_column_text][vc_empty_space][vc_tta_tabs title_tag=\u00bbh4&#8243; style=\u00bboutline\u00bb shape=\u00bbround\u00bb color=\u00bbblue\u00bb spacing=\u00bb4&#8243; active_section=\u00bb1&#8243;][vc_tta_section i_type=\u00bblinecons\u00bb i_icon_linecons=\u00bbvc_li vc_li-study\u00bb add_icon=\u00bbtrue\u00bb title=\u00bbExperiencia laboral\u00bb tab_id=\u00bb1693590976741-941d9707-22b4&#8243;][vc_column_text] PhD en Gobierno y Administraci\u00f3n P\u00fablica, de la Universidad Complutense de Madrid-Espa\u00f1a; Magister en Alta Gerencia, del Instituto de Altos Estudios Nacionales-Ecuador; Master en Ciencias, de la Universidad de Pav\u00eda [&hellip;]<\/p>\n","protected":false},"author":2,"featured_media":0,"parent":0,"menu_order":0,"comment_status":"closed","ping_status":"closed","template":"","meta":{"_monsterinsights_skip_tracking":false,"_monsterinsights_sitenote_active":false,"_monsterinsights_sitenote_note":"","_monsterinsights_sitenote_category":0,"footnotes":""},"class_list":["post-1650","page","type-page","status-publish","hentry"],"_links":{"self":[{"href":"https:\/\/tecnologicosucre.edu.ec\/web\/wp-json\/wp\/v2\/pages\/1650","targetHints":{"allow":["GET"]}}],"collection":[{"href":"https:\/\/tecnologicosucre.edu.ec\/web\/wp-json\/wp\/v2\/pages"}],"about":[{"href":"https:\/\/tecnologicosucre.edu.ec\/web\/wp-json\/wp\/v2\/types\/page"}],"author":[{"embeddable":true,"href":"https:\/\/tecnologicosucre.edu.ec\/web\/wp-json\/wp\/v2\/users\/2"}],"replies":[{"embeddable":true,"href":"https:\/\/tecnologicosucre.edu.ec\/web\/wp-json\/wp\/v2\/comments?post=1650"}],"version-history":[{"count":0,"href":"https:\/\/tecnologicosucre.edu.ec\/web\/wp-json\/wp\/v2\/pages\/1650\/revisions"}],"wp:attachment":[{"href":"https:\/\/tecnologicosucre.edu.ec\/web\/wp-json\/wp\/v2\/media?parent=1650"}],"curies":[{"name":"wp","href":"https:\/\/api.w.org\/{rel}","templated":true}]}}

<div class="wpb-content-wrapper"><p>[vc_row layout=»container»][vc_column width=»2/3&#8243;]            <div class="heading color-dark text-left " >
                                                <h2 class="heading-color fs-38">
                    RECTORADO                </h2>
                            </div>
            [vc_empty_space][vc_empty_space][vc_column_text]PhD.Santiago Illescas Correa<br />
<strong>RECTOR DEL SUCRE</strong><br />
<strong>Instituto Superior Tecnológico</strong><br />
[/vc_column_text][vc_empty_space][vc_tta_tabs title_tag=»h4&#8243; style=»outline» shape=»round» color=»blue» spacing=»4&#8243; active_section=»1&#8243;][vc_tta_section i_type=»linecons» i_icon_linecons=»vc_li vc_li-study» add_icon=»true» title=»Experiencia laboral» tab_id=»1693590976741-941d9707-22b4&#8243;][vc_column_text]</p>
<ul>
<li>PhD en Gobierno y Administración Pública, de la Universidad Complutense de Madrid-España; Magister en Alta Gerencia, del Instituto de Altos Estudios Nacionales-Ecuador; Master en Ciencias, de la Universidad de Pavía – Italia; Ingeniero Comercial, de la Universidad Nacional de Loja-Ecuador; Ingeniero Químico de la Universidad Técnica Particular de Loja-Ecuador.</li>
<li>Consultor y Coordinador de proyectos Nacionales e Internacionales de la Fundación Alianza Estratégica, ONG que trabaja en el fortalecimiento de los GAD´s e Instituciones Públicas del país.</li>
<li>Docente universitario de la EPN, UDLA, UTPL, IAEN responsable de las cátedras: Planificación institucional, gestión y evaluación de proyectos, pensamiento estratégico, estrategia en las organizaciones, teorías de la administración pública, modelos de gestión, gestión de la calidad y metodología de la investigación.</li>
</ul>
<p>[/vc_column_text][/vc_tta_section][vc_tta_section i_type=»linecons» i_icon_linecons=»vc_li vc_li-pen» add_icon=»true» title=»Líneas de investigación» tab_id=»1693590976761-25811eaa-c3e2&#8243;][vc_column_text]</p>
<ul>
<li>Administración y gestión pública, dentro del GIGAPP.</li>
<li>Gobernanza y modelos de gestión, dentro del CLAD.</li>
<li>Estrategia en las organizaciones, dentro de AECPA.</li>
<li>Comparative health Policy / Health Politics, dentro de IPSA.</li>
</ul>
<p>[/vc_column_text][/vc_tta_section][vc_tta_section i_type=»typicons» i_icon_typicons=»typcn typcn-clipboard» add_icon=»true» title=»Publicaciones» tab_id=»1693590981611-ba05938b-5d46&#8243;][vc_column_text]</p>
<ul>
<li>La Institucionalidad de la Marca país en el Ecuador: De una marca turística a una imagen más consolidada y articulada”, Editorial Académica Española, 2016. ISBN: 978-3-659-70079-8. www.amazon.com.</li>
<li>Public Health Policy in Ecuador”, Lambert Academic Publishing, 2015. ISBN: 978-3-659-74097-8. www.amazon.com.</li>
<li>Análisis de las reformas del Sistema Nacional de Salud en Ecuador”, Editorial Publicia, 2015. ISBN: 978-3-639-64872-0. www.amazon.com.</li>
<li>Evaluación del Modelo de Gestión de la EPMAPS de Quito”, Editorial Académica Española, 2015. ISBN: 978-3-659-09230-5. www.amazon.com.</li>
<li>Gerencia de Proyectos de Turismo Comunitario. Editorial Académica Española, 2014. ISBN: 978-3-659-05715-1. www.amazon.com.</li>
<li>Evaluación del Modelo de Gestión de la Empresa Pública Petroamazonas en el Ecuador”, Editorial Académica Española, 2014. ISBN: 978-3-8484-5893-6. www.amazon.com.</li>
<li>Evaluación del Modelo de Gestión de las UEM en el Ecuador”, Editorial Académica Española, 2014. ISBN: 978-3-8473-6819-9. www.amazon.com.</li>
<li>La Condición de Vida de las Personas Adultas Mayores en el Ecuador”, Editorial Académica Española, 2013. ISBN: 978-3-8484-6082-3, www.amazon.com.</li>
<li>Flavonol in the leaves of Siparuna Eggersii”, Journal of Ethnopharmacology, London, University of Oxford, 2008.</li>
<li>Aislamiento de Metabolitos por fraccionamiento Biodirigido de la especie Siparuna Eggersii Hieron”, Redalyc, Colombia, Universidad de Colombia, 2008.</li>
<li>Flavonol in the leaves of Siparuna Eggersii”, Lyonia, Journal of ecology and application, USA, 2008.</li>
<li>Estudio Etnobotánico Realizado en las Provincias de Loja y Zamora Chinchipe”, Diálogo de saberes: plantas medicinales, salud y cosmovisiones, Colombia, Universidad Nacional de Colombia, 2009.</li>
<li>Aplicación del proceso de reclutamiento, selección inducción y capacitación del talento humano en la empresa AGSELPER CIA: LTDA de la ciudad de Loja, UNL, 2007.</li>
<li>Aplicación de las herramientas financieras a la empresa de Produpan de la ciudad de Loja en el periodo 2005-2006”, UNL, 2006.</li>
<li>Estudio del proceso productivo de crianza de Rana en la empresa el rincón de la ranita del barrio Puinza cantón Zamora ”, UNL, 2005.</li>
<li>Análisis de la aplicación de los proceso productivos en la empresa VILCA-VIDA CIA: LTDA de la ciudad de Loja, UNL, 2004.</li>
</ul>
<p>[/vc_column_text][/vc_tta_section][/vc_tta_tabs][/vc_column][vc_column width=»1/3&#8243;][vc_empty_space][vc_empty_space][vc_single_image image=»3323&#8243; img_size=»600&#215;500&#8243;][vc_empty_space][/vc_column][/vc_row][vc_row][vc_column][vc_single_image image=»6290&#8243; img_size=»1200&#215;400&#8243; alignment=»center» style=»vc_box_border» border_color=»sky» css=»»][vc_empty_space height=»64px»][/vc_column][/vc_row][vc_row layout=»container»][vc_column width=»2/3&#8243;]            <div class="heading color-dark text-left " >
                                                <h2 class="heading-color fs-38">
                    VICERRECTORADO                </h2>
                            </div>
            [vc_empty_space][vc_column_text css=»»]Msc. Néstor Castillo Mantuano<br />
<strong>VICERRECTOR DEL SUCRE</strong><br />
<strong>Instituto Superior Tecnológico</strong>[/vc_column_text][vc_empty_space][vc_tta_tabs title_tag=»h4&#8243; style=»outline» shape=»round» color=»blue» spacing=»4&#8243; active_section=»1&#8243;][vc_tta_section i_type=»linecons» i_icon_linecons=»vc_li vc_li-study» add_icon=»true» title=»Experiencia laboral» tab_id=»1724287918263-5d0da930-b235&#8243;][vc_column_text css=»»]</p>
<ul>
<li>Master Universitario en Neurociencia y Educación, de la Universidad Internacional de la Rioja – España; Diplomado en Epistemología y Teoría del Conocimiento, del Centro de Investigación y Desarrollo Ecuador; Licenciado en Filosofía y Pedagogía, de la Universidad Politécnica Salesiana.</li>
<li>Coordinador de Centro de Apoyo Puyo-Pastaza, de la Universidad Nacional de Educación del Proyecto de Profesionalización Docente; Especialista Curricular Proyecto Reforma de Bachillerato Técnico Ministerio de Educación; Coordinador Académico Programas de la Corporación de Promoción Económica ConQuito.</li>
<li>Docente de educación superior Universidad Nacional de Educación; Studium Theologicum Franciscanum «Cardenal Echeverría»; Pontificia Università Antonianum; Universidad Politécnica Salesiana; Instituto Jaime Roldós Aguilera.</li>
</ul>
<p>[/vc_column_text][/vc_tta_section][vc_tta_section i_type=»linecons» i_icon_linecons=»vc_li vc_li-pen» add_icon=»true» title=»Líneas de investigación» tab_id=»1724287918296-afa76f4c-3886&#8243;][vc_column_text css=»»]</p>
<ul>
<li>Filosofía de la Ciencia y Epistemología– SIFCH</li>
<li>Neusopsicopedagogía y Teoría del Conocimiento – Educatics</li>
<li>Grupo de Investigación de Cerebro y Ciencias Cognitivas – UPS</li>
<li>Grupo de Investigación Tejidos Socioeducativos – UNAE</li>
</ul>
<p>[/vc_column_text][/vc_tta_section][vc_tta_section i_type=»typicons» i_icon_typicons=»typcn typcn-clipboard» add_icon=»true» title=»Publicaciones» tab_id=»1724287918315-d1f5eaf5-5ce7&#8243;][vc_column_text css=»»]</p>
<ul>
<li>Dialogar para discutir (reflexiones lógicas) Textos apasionados por la educación, 2022, ISBN:978-9942-42-487-7.</li>
<li>Filosofía y sentido de la vida en el contexto actual, Sentido de la vida y comunidad, 2021, ISBN Digital: 978-9978-10-612-9.</li>
<li>Investigación cualitativa en la carrera de Psicología durante el contexto de confinamiento, Experiencias docentes en tiempo de pandemia, 2022, ISBN Digital: 978-9978-10-627-3.</li>
</ul>
<p>[/vc_column_text][/vc_tta_section][/vc_tta_tabs][/vc_column][vc_column width=»1/3&#8243;][vc_empty_space][vc_single_image image=»6283&#8243; img_size=»600&#215;550&#8243; css=»»][vc_empty_space][/vc_column][/vc_row][vc_row][vc_column][vc_empty_space][/vc_column][/vc_row]</p>
</div>

<p>[vc_row layout=»container»][vc_column width=»2/3&#8243;][vc_empty_space][vc_empty_space][vc_column_text]PhD.Santiago Illescas Correa RECTOR DEL SUCRE Instituto Superior Tecnológico [/vc_column_text][vc_empty_space][vc_tta_tabs title_tag=»h4&#8243; style=»outline» shape=»round» color=»blue» spacing=»4&#8243; active_section=»1&#8243;][vc_tta_section i_type=»linecons» i_icon_linecons=»vc_li vc_li-study» add_icon=»true» title=»Experiencia laboral» tab_id=»1693590976741-941d9707-22b4&#8243;][vc_column_text] PhD en Gobierno y Administración Pública, de la Universidad Complutense de Madrid-España; Magister en Alta Gerencia, del Instituto de Altos Estudios Nacionales-Ecuador; Master en Ciencias, de la Universidad de Pavía [&hellip;]</p>
